rs of 712285103.
947, 752149
What are the prime factors of 1578334587?
3, 17, 30947737
List the prime factors of 401038611.
3, 133679537
What are the prime factors of 478007279?
67, 7134437
What are the prime factors of 14754720?
2, 3, 5, 59, 521
List the prime factors of 52308742.
2, 167, 199, 787
List the prime factors of 138353380.
2, 5, 11, 257, 2447
What are the prime factors of 148232752?
2, 9264547
What are the prime factors of 17045420?
2, 5, 7, 109, 1117
What are the prime factors of 1114023018?
2, 3, 185670503
List the prime factors of 2356818981.
3, 11, 4093, 17449
What are the prime factors of 1181121089?
389, 3036301
List the prime factors of 341023166.
2, 11, 67, 231359
List the prime factors of 1608390155.
5, 101, 1321, 2411
What are the prime factors of 390160702?
2, 195080351
List the prime factors of 325957264.
2, 73, 279073
What are the prime factors of 1621285860?
2, 3, 5, 27021431
List the prime factors of 48723067.
47, 1036661
What are the prime factors of 116559023?
7, 41, 103, 3943
What are the prime factors of 177210555?
3, 5, 113, 104549
List the prime factors of 6515806046.
2, 1979, 1646237
What are the prime factors of 37125627?
3, 7, 11, 173, 929
List the prime factors of 59863196.
2, 193, 77543
What are the prime factors of 2228378292?
2, 3, 7, 17, 19, 3911
What are the prime factors of 21734937?
3, 7, 31, 359
What are the prime factors of 38787941?
38787941
What are the prime factors of 67792889?
17, 947, 4211
What are the prime factors of 89010605?
5, 17802121
List the prime factors of 1037442165.
3, 5, 281, 246131
What are the prime factors of 1738562?
2, 7, 124183
List the prime factors of 16547186.
2, 8273593
What are the prime factors of 701759502?
2, 3, 38986639
What are the prime factors of 1713906277?
47, 36466091
List the prime factors of 1010486883.
3, 7, 48118423
List the prime factors of 87011819.
87011819
What are the prime factors of 1047681813?
3, 10079, 34649
List the prime factors of 16585947.
3, 7, 263269
What are the prime factors of 94732825?
5, 11, 344483
What are the prime factors of 2966281279?
13, 228175483
List the prime factors of 18850067.
18850067
What are the prime factors of 48648290?
2, 5, 47, 89, 1163
List the prime factors of 787129217.
7, 71, 1583761
What are the prime factors of 494448?
2, 3, 10301
List the prime factors of 83452830.
2, 3, 5, 17, 163633
What are the prime factors of 21035755?
5, 13, 19, 17033
What are the prime factors of 773927173?
773927173
What are the prime factors of 54195374?
2, 29, 934403
List the prime factors of 348977709.
3, 71, 139, 3929
What are the prime factors of 384853483?
7, 43, 1278583
What are the prime factors of 182411159?
7, 73, 356969
List the prime factors of 189441093.
3, 31, 67, 30403
List the prime factors of 27206864.
2, 1049, 1621
List the prime factors of 17055991.
17055991
What are the prime factors of 1267004833?
809, 1566137
List the prime factors of 6076673741.
67, 163, 431, 1291
List the prime factors of 7522877110.
2, 5, 7, 107469673
What are the prime factors of 67850825?
5, 7, 17, 22807
What are the prime factors of 64953243?
3, 17, 29, 14639
What are the prime factors of 2275804928?
2, 29, 43, 7129
What are the prime factors of 2592159197?
1103, 2350099
What are the prime factors of 38820043?
547, 70969
List the prime factors of 986615548.
2, 31, 227, 35051
List the prime factors of 28350947.
2579, 10993
List the prime factors of 72553962.
2, 3, 13, 930179
List the prime factors of 5890337.
5890337
What are the prime factors of 5852215?
5, 1170443
What are the prime factors of 235870976?
2, 11, 83761
List the prime factors of 919933616.
2, 7, 8213693
What are the prime factors of 43810758?
2, 3, 2433931
List the prime factors of 7456660327.
7456660327
What are the prime factors of 6194745077?
43, 463, 311153
What are the prime factors of 771270380?
2, 5, 38563519
What are the prime factors of 71527905?
3, 5, 613, 2593
What are the prime factors of 59339202?
2, 3, 13, 760759
What are the prime factors of 38997233?
11, 3545203
What are the prime factors of 46640837?
46640837
List the prime factors of 7200909655.
5, 19, 75799049
List the prime factors of 2357279612.
2, 19, 193, 160709
What are the prime factors of 656782628?
2, 164195657
What are the prime factors of 19771012?
2, 4942753
What are the prime factors of 93319582?
2, 46659791
List the prime factors of 507208.
2, 13, 4877
What are the prime factors of 209995519?
31, 229, 29581
List the prime factors of 46122698.
2, 47, 239, 2053
List the prime factors of 1523123086.
2, 571, 1333733
What are the prime factors of 293708772?
2, 3, 7, 1165511
List the prime factors of 745003429.
103, 521, 13883
List the prime factors of 475004515.
5, 101, 661, 1423
What are the prime factors of 71623258?
2, 7, 5115947
List the prime factors of 629550023.
67, 1601, 5869
What are the prime factors of 13705759?
59, 233, 997
List the prime factors of 1105041107.
1105041107
List the prime factors of 541274127.
3, 127, 1420667
List the prime factors of 53065496.
2, 11, 197, 3061
What are the prime factors of 195113008?
2, 31, 393373
What are the prime factors of 94510827?
3, 113, 30977
List the prime factors of 823788406.
2, 7, 58842029
List the prime factors of 4540787573.
7, 43, 307, 49139
What are the prime factors of 1946071427?
1946071427
List the prime factors of 575638224.
2, 3, 7, 17, 179, 563
What are the prime factors of 142695849?
3, 47565283
List the prime factors of 680140848.
2, 3, 89, 159209
List the prime factors of 20426270.
2, 5, 2042627
List the prime factors of 10151810.
2, 5, 233, 4357
What are the prime factors of 356994816?
2, 3, 71, 6547
What are the prime factors of 2609930046?
2, 3, 1277, 340633
List the prime factors of 56292525.
3, 5, 17, 14717
List the prime factors of 36335125.
5, 19, 15299
What are the prime factors of 222255760?
2, 5, 2778197
What are the prime factors of 616628364?
2, 3, 11, 4671427
What are the prime factors of 24557401?
11, 17, 41, 3203
List the prime factors of 71304103.
13, 17, 18979
What are the prime factors of 245129613?
3, 17, 4806463
List the prime factors of 294805890.
2, 3, 5, 59, 941
List the prime factors of 26399699.
23, 443, 2591
List the prime factors of 1438291722.
2, 3, 7, 34245041
List the prime factors of 2794309282.
2, 331, 4221011
What are the prime factors of 8623052?
2, 73, 29531
List the prime factors of 2186880779.
23, 1297, 73309
List the prime factors of 3531183015.
3, 5, 41, 5741761
What are the prime factors of 73320546?
2, 3, 13, 41, 101, 227
What are the prime factors of 391234543?
7, 139, 402091
List the prime factors of 1018159281.
3, 37709603
List the prime factors of 1145363936.
2, 23, 1556201
What are the prime factors of 499166949?
3, 3919, 42457
What are the prime factors of 2672788275?
3, 5, 11879059
List the prime factors of 60728105.
5, 2357, 5153
What are the prime factors of 3000344847?
3, 1000114949
List the prime factors of 641141069.
37, 571, 30347
List the prime factors of 193718359.
7937, 24407
What are the prime factors of 130530455?
5, 11, 2373281
What are the prime factors of 4081713736?
2, 17, 859, 34939
What are the prime factors of 3354307?
11, 304937
What are the prime factors of 42572105?
5, 181, 47041
What are the prime factors of 3505482499?
15973, 219463
List the prime factors of 522785916.
2, 3, 41, 43, 8237
What are the prime factors of 52991016?
2, 3, 13, 169843
What are the prime factors of 116973140?
2, 5, 307, 19051
List the prime factors of 1063864892.
2, 43, 6185261
List the prime factors of 5143011245.
5, 1028602249
What are the prime factors of 55899122?
2, 27949561
List the prime factors of 879828492.
2, 3, 73319041
List the prime factors of 176454717.
3, 58818239
What are the prime factors of 4558537891?
41, 229, 485519
What are the prime factors of 38957086?
2, 7, 2782649
What are the prime factors of 1024146750?
2, 3, 5, 11, 124139
What are the prime factors of 193608327?
3, 11, 61, 96179
List the prime factors of 863310753.
3, 95923417
What are the prime factors of 1105335040?
2, 5, 37, 23339
What are the prime factors of 51578131?
11, 4688921
List the prime factors of 54381345.
3, 5, 3625423
What are the prime factors of 1125119488?
2, 89, 24691
What are the prim